 + (-1)/(2 - 1) is divided by x?
3
Suppose 5*z = 4*z - 2*w + 55, -w + 275 = 5*z. Calculate the remainder when z is divided by 8.
7
Suppose 5*g = -5*o + 195, -162 = -9*o + 5*o - g. What is the remainder when 1350 is divided by o?
38
Let a = 17 - 14. Suppose u + 2*u = -2*r + 3, -5*u = 3*r - a. What is the remainder when r is divided by 4?
2
Let v(i) = 2*i - 6. Let k be v(6). Let s(t) = -t**3 + 8*t**2 - 3*t - 17. What is the remainder when s(k) is divided by 13?
11
Suppose 4*s + 4 = 0, -h + 3*h = -5*s + 31. What is the remainder when 119 is divided by h?
11
Let k(t) = t**3 - 8*t**2 + 8*t - 3. Suppose 3*d - 7*d = -5*j + 145, 0 = -j + 4*d + 29. What is the remainder when j is divided by k(7)?
1
Let n be 0*(-4 - 45/(-10)). Suppose n*x - 4*x = -96. What is the remainder when 91 is divided by x?
19
Suppose -5*c = 5*s - 105, 9*c - 84 = 6*c + 4*s. Suppose -3*w = -2*w - 70. What is the remainder when w is divided by c?
22
Calculate the remainder when (-1358)/(-10) - (22 - (-424)/(-20)) is divided by 71.
64
Let c = -2251 - -2363. Calculate the remainder when c is divided by 61.
51
Suppose -5*d + 83 = 3*h - h, 2*d = 3*h - 115. Let l = h + -28. Let w(m) = m**2 - 10*m - 4. What is the remainder when l is divided by w(11)?
4
Let h(u) = -u**2 + 17*u - 39. Let x be h(6). Suppose -5*d = r - x, -6*r + 3*r + 4*d = 14. What is the remainder when 1*(2 - 1)*4 is divided by r?
0
Let y(m) = -m**2 - 8*m - 5. Let c = 16 - 11. Suppose -104 = -3*p - c*r, 0 = -2*r - 3*r - 10. What is the remainder when p is divided by y(-5)?
8
Let u(j) = 4*j + 22 - 2 - j**2 - 16*j - 6*j. What is the remainder when u(-11) is divided by 33?
31
Let n = 369 - 333. Calculate the remainder when 86 is divided by n.
14
Suppose 3*u + 2*u = 5. Let g(w) = 17*w**2 + 3*w - 3. Let a be g(u). Suppose -24 = a*m - 18*m. What is the remainder when m is divided by 9?
6
Let x = 128 + -28. What is the remainder when x is divided by 60?
40
Let x(b) = b**3 - 6*b**2 - 17*b - 11. Calculate the remainder when x(10) is divided by 57.
48
Suppose 18*r + 2*h = 16*r + 52, 2*r = 3*h + 27. Suppose 0*g = -g. Suppose g*c - c + 82 = 0. Calculate the remainder when c is divided by r.
19
Suppose 2*q = -2*q + 12. Suppose -i - q*i = -56. Suppose 0 = -4*s + 3*j + 327 - 103, 3*s - 3*j = 171. Calculate the remainder when s is divided by i.
11
Suppose 4*c = c. Let x(m) = -m**3 + c*m**3 - 4 + 3 + 2 + m. What is the remainder when x(-3) is divided by 13?
12
Let p(u) = -48*u + 1. Suppose 4 = -5*y - 1. Suppose 2*w - 17 - 17 = 0. What is the remainder when p(y) is divided by w?
15
Let v be (-4)/(-22) - 54/297. What is the remainder when -1 + -1 + (v + 3 - -47) is divided by 10?
8
Let t = -151 - -184. Suppose 2*n - 420 = -26. What is the remainder when n is divided by t?
32
Let i(d) = 4*d**2 - d + 21. Calculate the remainder when i(-4) is divided by ((-65)/(-15))/(1/3).
11
Suppose -10*g + 1005 = 275. Calculate the remainder when g is divided by 32.
9
Suppose 0 = 16*o - 52 + 196. Let r(z) = z**2 + 4*z + 18. Calculate the remainder when r(o) is divided by 54/4 + 1/(-2).
11
Suppose 3*u = 5*r - 5, -2*r = -3*r - 4*u + 24. Suppose 103 - 123 = -4*m. What is the remainder when m is divided by r?
1
Let o(n) = 25*n - 267. What is the remainder when o(16) is divided by 17?
14
Let a = -67 + 224. Suppose 2*r - 192 = -p, -4*r + 2*p + 533 - a = 0. Calculate the remainder when r is divided by 24.
23
Let z = 3112 - 3086. What is the remainder when 352 is divided by z?
14
Let n be (21/12)/(2/112). Let c be ((-2)/(-6))/(14/168). Suppose c*h = 2*h + n. Calculate the remainder when h is divided by 17.
15
Let y(t) = 52*t - 22. Let i(j) = 17*j - 7. Let q(h) = -16*i(h) + 5*y(h). Let f = 27 - 6. What is the remainder when q(-5) is divided by f?
20
Let o(c) = -2*c + 13. Let x(z) = -18*z - 5. Let r be x(-4). Let a = r + -50. Calculate the remainder when o(-10) is divided by a.
16
Let x = 131 - 114. Calculate the remainder when 117 is divided by x.
15
Let q(n) = -n**2 - 11*n - 3. Let a be q(-6). Let v = a + -25. Suppose 0 = -4*x + 3*x + v. Calculate the remainder when 4 is divided by x.
0
Let t(c) = -3*c + 55. What is the remainder when 725 is divided by t(16)?
4
Suppose -5*l - 44 = -i, -4*i + 74 + 39 = l. Suppose 23*h + 10*h = 825. Calculate the remainder when h is divided by i/3 - (-4)/(-6).
7
Suppose 0 = 4*t - 2*t - 6. Let g(o) = 2*o**2 - 4*o + 3. What is the remainder when 2/(-1) + 18 - 0 is divided by g(t)?
7
Let j = 451 - 279. Let q = -22 - -25. What is the remainder when (-7)/((-14)/j) - q is divided by 17?
15
Let w = 280 + -252. Calculate the remainder when w is divided by 6.
4
Let y(j) = -4*j - 4. Calculate the remainder when 28 is divided by y(-6).
8
Suppose 0 = 7*r - 9*r + 4. Suppose 0 = r*b - 4*b + 14. Let y(h) = 3*h**2 + 6*h + 9. Calculate the remainder when y(-3) is divided by b.
4
Let d(h) = -129*h - 21. Let k be d(10). Calculate the remainder when (1 - -3) + k/(-19) is divided by 19.
16
What is the remainder when (-2 + 2 + 1)/(8/1072) is divided by 20?
14
Let m be (-273)/15 - (-2)/10. Let i = 12 + m. What is the remainder when 23 is divided by (i - -5)*(-5 + -2)?
2
Let n = 81 - 68. Let s(o) = -o**3 + 4*o**2 + 5. Let x be s(4). Suppose -x*v + 3 = -17. Calculate the remainder when n is divided by v.
1
Let z(i) = 4*i**2 - 2*i + 3. Let s = -202 + 132. Let u = -26 - s. What is the remainder when u is divided by z(2)?
14
Let y = -7 + 6. Calculate the remainder when 13 is divided by 1 - (y + (-4 - -2)).
1
Let a(x) = x**3 - 8*x**2 + 14*x - 14. Let t be a(6). Let p = 57 + t. What is the remainder when p is divided by 14?
13
Let q be 12/((-12)/(-3)) + 18. Let z = 33 - q. Calculate the remainder when z/(-8) + (-214)/(-4) is divided by 27.
25
Suppose -2*c + 0*c + 8 = 0. Let b = 460 + -448. Calculate the remainder when b is divided by c.
0
Let t(d) = d + 18. Let x be t(-9). Suppose -x*j + 62 = -1. What is the remainder when 20 is divided by j?
6
Suppose 86 = 8*s - 10. Calculate the remainder when 21 is divided by s.
9
Let q be 1/6*-4*141/(-2). What is the remainder when 28 is divided by (q + 4)/(0 + 3)?
11
Suppose -49*f - 240 = -53*f + 2*g, 0 = -5*g - 10. Calculate the remainder when 406 is divided by f.
52
What is the remainder when 195 is divided by (-4950)/(-288) + 6/(-32)?
8
Let k(s) = -2*s**2 - 35*s + 25. Let u = 103 + -120. What is the remainder when k(u) is divided by 9?
6
Suppose 0 = -17*y - 7*y + 216. Calculate the remainder when 165 is divided by y.
3
Calculate the remainder when (-732)/(-2) + 70/14 is divided by 34.
31
Let p = 1317 - 695. Calculate the remainder when p is divided by 78.
76
Let l(k) = -k - 3. Let x = 19 - 22. Let o be l(x). Suppose 3*a - 15 - 27 = o. Calculate the remainder when 25 is divided by a.
11
Let r(s) = -9 + 12*s - 6 - 1 + 0 + s**2. Calculate the remainder when r(-17) is divided by 35.
34
Let j = 398 + -381. What is the remainder when 58 is divided by j?
7
Let t(h) = 17*h + 53. Let z be t(5). Let c = z + -136. What is the remainder when 1/(-2)*(-12)/2 is divided by c?
1
Suppose 0 = -u + 8 + 9. Let v = u + -2. What is the remainder when (-118)/(-4) - 1/2 is divided by v?
14
Calculate the remainder when ((-15)/(-12))/(2/120) is divided by 1/(405/(-1638) + 2/7).
23
Let o be ((10/3)/1)/(20/(-30)). What is the remainder when 66 + 1 + -1 - o is divided by 15?
11
Suppose 0 = -27*o + 4209 + 273. Calculate the remainder when o is divided by 60.
46
Let i(o) = 9*o + 374. Let q = 59 - -412. What is the remainder when q/9 + (-4)/(-6) is divided by i(-40)?
11
Let r(v) = 2*v**3 - 49*v**2 + 24*v + 10. What is the remainder when 16 is divided by r(24)?
6
Suppose 3*k = 0, -2*v + 5*k - 2 + 40 = 0. Let b = v + 22. Calculate the remainder when b is divided by 21.
20
Let o = 18 - -5. Let x(p) = 92*p**3 - p**2. Let w be 3*(1/3 + 0). What is the remainder when x(w) is divided by o?
22
Let z = -65 - -110. Calculate the remainder when z is divided by 11.
1
Let x = -6 - -10. Suppose x*p - 9 = -1. Suppose -2*f - p*f + 16 = 0. Calculate the remainder when f is divided by 3.
1
Suppose 47 = -176*z + 177*z. Calculate the remainder when z is divided by 47.
0
Let q(v) = -2*v**3 - 3*v**2 + 3*v + 2. What is the remainder when (-10)/(130/(-247)) + 18 is divided by q(-3)?
17
Let g(b) = 6*b - 28. Let l be g(-7). Let h = -55 - l. Calculate the remainder when 48 i